{"id":593,"date":"2020-12-03T17:05:15","date_gmt":"2020-12-03T20:05:15","guid":{"rendered":"https:\/\/www.ciasfe1.org\/website\/?page_id=593"},"modified":"2024-03-06T18:24:21","modified_gmt":"2024-03-06T21:24:21","slug":"requisitos-para-matricularse","status":"publish","type":"page","link":"https:\/\/www.ciasfe1.org\/website\/requisitos-para-matricularse\/","title":{"rendered":"Requisitos para Matricularse"},"content":{"rendered":"<div id=\"tdi_1_998\" class=\"tdc-zone\"><div class=\"tdc_zone tdi_2_9f5  wpb_row td-pb-row\"  >\n<style scoped>\n\n\/* custom css *\/\n.tdi_2_9f5{\r\n                    min-height: 0;\r\n                }\n<\/style><div id=\"tdi_3_494\" class=\"tdc-row\"><div class=\"vc_row tdi_4_a99  wpb_row td-pb-row\" >\n<style scoped>\n\n\/* custom css *\/\n.tdi_4_a99{\r\n                    min-height: 0;\r\n                }\n<\/style><div class=\"vc_column tdi_6_833  wpb_column vc_column_container tdc-column td-pb-span12\">\n<style scoped>\n\n\/* custom css *\/\n.tdi_6_833{\r\n                    vertical-align: baseline;\r\n                }\n<\/style><div class=\"wpb_wrapper\"><div class=\"wpb_wrapper td_block_single_image td_block_wrap  td-no-img-custom-url td_block_wrap vc_single_image tdi_7_375  td-single-image- td-pb-border-top td_block_template_4\"><a \r\n\t\t\tclass=\"td_single_image_bg\" \r\n\t\t\tstyle=\"background-image: url('https:\/\/www.ciasfe1.org\/website\/wp-content\/uploads\/2023\/10\/ing_agro_foto_ciasfe_00194.jpg'); background-size: 100% auto; background-repeat: no-repeat; background-position: center center;\" \r\n\t\t\thref=\"#\"  \r\n\t\t\trel=\"bookmark\"><\/a>\n<style>\n\/* custom css *\/\n.tdi_7_375 .td_single_image_bg{\r\n\t\t\t\t\theight: 280px;\r\n\t\t\t\t\tpadding-bottom: 0;\r\n\t\t\t\t\r\n                    filter: brightness(1.1) contrast(1) saturate(1);\r\n                    transition: all 1s ease;\r\n                    -webkit-transition: all 1s ease;\r\n                }.tdi_7_375:hover .td_single_image_bg:before{\r\n                    opacity: 0;\r\n                }@media (min-width: 1141px) {\r\n                    .tdi_7_375:hover .td_single_image_bg {\r\n                        filter: brightness(1) contrast(1) saturate(1);\r\n                    }\r\n                }\n<\/style><\/div><div class=\"td_block_wrap td_block_text_with_title tdi_8_b65 tagdiv-type td-pb-border-top td_block_template_9\"  data-td-block-uid=\"tdi_8_b65\" ><div class=\"td-block-title-wrap\"><h4 class=\"td-block-title\"><span class=\"td-pulldown-size\">Requisitos para Matricularse<\/span><\/h4><\/div><div class=\"td_mod_wrap td-fix-index\"><ul>\n<li><strong>FOTOCOPIA LEGALIZADA DEL\u00a0<\/strong><b>T\u00cdTULO<\/b>\u00a0(por tribunales o por escribano).<\/li>\n<\/ul>\n<p>En caso de estar tramit\u00e1ndose se puede presentar un\u00a0<strong>CERTIFICADO DE T\u00cdTULO EN TR\u00c1MITE<\/strong>\u00a0expedido por la Facultad (original o fotocopia\u00a0 legalizada). Pero es condici\u00f3n indispensable para completar definitivamente el tr\u00e1mite enviar la fotocopia legalizada del t\u00edtulo una vez obtenido.<\/p>\n<ul>\n<li><strong>FOTOCOPIA DEL DNI ANVERSO Y REVERSO<\/strong>\u00a0(con domicilio actualizado)<\/li>\n<li class=\"punto_lista\"><strong>2 (DOS) FOTOS COLOR 3X3 CM.<br \/>\n<\/strong><\/li>\n<li class=\"punto_lista\"><strong>ABONAR INSCRIPCI\u00d3N <\/strong>(por \u00fanica vez)<\/li>\n<\/ul>\n<div class=\"importante\">\n<p>Los reci\u00e9n recibidos a partir de la fecha de egreso tienen una bonificaci\u00f3n de 1 A\u00d1O DE GRACIA en su matr\u00edcula.<\/p>\n<p><strong>IMPORTANTE<\/strong>: Aquellos matriculados que se inscriban en la categor\u00eda ACTIVO INICIAL (dentro del a\u00f1o desde la fecha de graduaci\u00f3n), abonar\u00e1n el importe proporcional del precio de la matr\u00edcula vigente restante anual una vez vencido el per\u00edodo de gracia (<u><a href=\"http:\/\/www.ciasfe.org.ar\/site\/archivos\/resoluciones\/resolucion-del-directorio-provincial-n88-valor-matricula-recien-graduados.pdf\" target=\"_self\" rel=\"noopener\">Resoluci\u00f3n N\u00ba 88<\/a><\/u>) &#8211; (<u><a href=\"http:\/\/www.ciasfe.org.ar\/site\/archivos\/resoluciones\/resolucion50.pdf\" target=\"_self\" rel=\"noopener\">Resoluci\u00f3n N\u00ba 50<\/a><\/u>)<\/p>\n<p>&nbsp;<\/p>\n<\/div>\n<div class=\"importante\">\n<p>El tr\u00e1mite es personal, ya que debe registrar su firma en el libro de matriculas.<br \/>\nLos horarios de atenci\u00f3n del Colegio son de lunes a viernes de 7.30hs. a 14.30hs.<\/p>\n<\/div>\n<\/div><\/div><\/div><\/div><\/div><\/div><\/div><\/div>","protected":false},"excerpt":{"rendered":"","protected":false},"author":1,"featured_media":0,"parent":0,"menu_order":0,"comment_status":"closed","ping_status":"open","template":"","meta":{"footnotes":""},"class_list":["post-593","page","type-page","status-publish"],"_links":{"self":[{"href":"https:\/\/www.ciasfe1.org\/website\/wp-json\/wp\/v2\/pages\/593","targetHints":{"allow":["GET"]}}],"collection":[{"href":"https:\/\/www.ciasfe1.org\/website\/wp-json\/wp\/v2\/pages"}],"about":[{"href":"https:\/\/www.ciasfe1.org\/website\/wp-json\/wp\/v2\/types\/page"}],"author":[{"embeddable":true,"href":"https:\/\/www.ciasfe1.org\/website\/wp-json\/wp\/v2\/users\/1"}],"replies":[{"embeddable":true,"href":"https:\/\/www.ciasfe1.org\/website\/wp-json\/wp\/v2\/comments?post=593"}],"version-history":[{"count":12,"href":"https:\/\/www.ciasfe1.org\/website\/wp-json\/wp\/v2\/pages\/593\/revisions"}],"predecessor-version":[{"id":2492,"href":"https:\/\/www.ciasfe1.org\/website\/wp-json\/wp\/v2\/pages\/593\/revisions\/2492"}],"wp:attachment":[{"href":"https:\/\/www.ciasfe1.org\/website\/wp-json\/wp\/v2\/media?parent=593"}],"curies":[{"name":"wp","href":"https:\/\/api.w.org\/{rel}","templated":true}]}}

<div id="tdi_1_998" class="tdc-zone"><div class="tdc_zone tdi_2_9f5  wpb_row td-pb-row"  >
<style scoped>

/* custom css */
.tdi_2_9f5{
                    min-height: 0;
                }
</style><div id="tdi_3_494" class="tdc-row"><div class="vc_row tdi_4_a99  wpb_row td-pb-row" >
<style scoped>

/* custom css */
.tdi_4_a99{
                    min-height: 0;
                }
</style><div class="vc_column tdi_6_833  wpb_column vc_column_container tdc-column td-pb-span12">
<style scoped>

/* custom css */
.tdi_6_833{
                    vertical-align: baseline;
                }
</style><div class="wpb_wrapper"><div class="wpb_wrapper td_block_single_image td_block_wrap  td-no-img-custom-url td_block_wrap vc_single_image tdi_7_375  td-single-image- td-pb-border-top td_block_template_4"><a 
			class="td_single_image_bg" 
			style="background-image: url('https://www.ciasfe1.org/website/wp-content/uploads/2023/10/ing_agro_foto_ciasfe_00194.jpg'); background-size: 100% auto; background-repeat: no-repeat; background-position: center center;" 
			href="#"  
			rel="bookmark"></a>
<style>
/* custom css */
.tdi_7_375 .td_single_image_bg{
					height: 280px;
					padding-bottom: 0;
				
                    filter: brightness(1.1) contrast(1) saturate(1);
                    transition: all 1s ease;
                    -webkit-transition: all 1s ease;
                }.tdi_7_375:hover .td_single_image_bg:before{
                    opacity: 0;
                }@media (min-width: 1141px) {
                    .tdi_7_375:hover .td_single_image_bg {
                        filter: brightness(1) contrast(1) saturate(1);
                    }
                }
</style></div><div class="td_block_wrap td_block_text_with_title tdi_8_b65 tagdiv-type td-pb-border-top td_block_template_9"  data-td-block-uid="tdi_8_b65" ><div class="td-block-title-wrap"><h4 class="td-block-title"><span class="td-pulldown-size">Requisitos para Matricularse</span></h4></div><div class="td_mod_wrap td-fix-index"><ul>
<li><strong>FOTOCOPIA LEGALIZADA DEL </strong><b>TÍTULO</b> (por tribunales o por escribano).</li>
</ul>
<p>En caso de estar tramitándose se puede presentar un <strong>CERTIFICADO DE TÍTULO EN TRÁMITE</strong> expedido por la Facultad (original o fotocopia  legalizada). Pero es condición indispensable para completar definitivamente el trámite enviar la fotocopia legalizada del título una vez obtenido.</p>
<ul>
<li><strong>FOTOCOPIA DEL DNI ANVERSO Y REVERSO</strong> (con domicilio actualizado)</li>
<li class="punto_lista"><strong>2 (DOS) FOTOS COLOR 3X3 CM.<br />
</strong></li>
<li class="punto_lista"><strong>ABONAR INSCRIPCIÓN </strong>(por única vez)</li>
</ul>
<div class="importante">
<p>Los recién recibidos a partir de la fecha de egreso tienen una bonificación de 1 AÑO DE GRACIA en su matrícula.</p>
<p><strong>IMPORTANTE</strong>: Aquellos matriculados que se inscriban en la categoría ACTIVO INICIAL (dentro del año desde la fecha de graduación), abonarán el importe proporcional del precio de la matrícula vigente restante anual una vez vencido el período de gracia (<u><a href="http://www.ciasfe.org.ar/site/archivos/resoluciones/resolucion-del-directorio-provincial-n88-valor-matricula-recien-graduados.pdf" target="_self" rel="noopener">Resolución Nº 88</a></u>) &#8211; (<u><a href="http://www.ciasfe.org.ar/site/archivos/resoluciones/resolucion50.pdf" target="_self" rel="noopener">Resolución Nº 50</a></u>)</p>
<p>&nbsp;</p>
</div>
<div class="importante">
<p>El trámite es personal, ya que debe registrar su firma en el libro de matriculas.<br />
Los horarios de atención del Colegio son de lunes a viernes de 7.30hs. a 14.30hs.</p>
</div>
</div></div></div></div></div></div></div></div>
